{"id":230,"date":"2013-04-09T14:52:22","date_gmt":"2013-04-09T13:52:22","guid":{"rendered":"http:\/\/www.ajkvannes.com?page_id=230"},"modified":"2019-01-02T16:17:01","modified_gmt":"2019-01-02T15:17:01","slug":"liens","status":"publish","type":"page","link":"https:\/\/www.ajkvannes.com\/?page_id=230","title":{"rendered":"Liens"},"content":{"rendered":"<div style=\"padding-bottom:20px; padding-top:10px;\" class=\"hupso-share-buttons\"><!-- Hupso Share Buttons - https:\/\/www.hupso.com\/share\/ --><a class=\"hupso_toolbar\" href=\"https:\/\/www.hupso.com\/share\/\"><img decoding=\"async\" src=\"https:\/\/static.hupso.com\/share\/buttons\/dot.png\" style=\"border:0px; padding-top: 5px; float:left;\" alt=\"Share Button\"\/><\/a><script type=\"text\/javascript\">var hupso_services_t=new Array(\"Twitter\",\"Facebook\",\"Google Plus\",\"Print\");var hupso_background_t=\"#EAF4FF\";var hupso_border_t=\"#66CCFF\";var hupso_toolbar_size_t=\"big\";var hupso_image_folder_url = \"\";var hupso_url_t=\"\";var hupso_title_t=\"Liens\";<\/script><script type=\"text\/javascript\" src=\"https:\/\/static.hupso.com\/share\/js\/share_toolbar.js\"><\/script><!-- Hupso Share Buttons --><\/div><table style=\"width: 100%;\">\n<tbody>\n<tr>\n<td><a href=\"http:\/\/fftt.com\" target=\"_blank\" rel=\"noopener\"><img loading=\"lazy\" decoding=\"async\" class=\"aligncenter wp-image-693 size-thumbnail\" src=\"http:\/\/www.ajkvannes.com\/wp-content\/uploads\/2013\/04\/fftt-200x129.jpg\" alt=\"F\u00e9d\u00e9ration Fran\u00e7aise de Tennis de Table\" width=\"200\" height=\"129\" srcset=\"https:\/\/www.ajkvannes.com\/wp-content\/uploads\/2013\/04\/fftt-200x129.jpg 200w, https:\/\/www.ajkvannes.com\/wp-content\/uploads\/2013\/04\/fftt-300x194.jpg 300w, https:\/\/www.ajkvannes.com\/wp-content\/uploads\/2013\/04\/fftt-1024x662.jpg 1024w, https:\/\/www.ajkvannes.com\/wp-content\/uploads\/2013\/04\/fftt.jpg 1650w\" sizes=\"auto, (max-width: 200px) 100vw, 200px\" \/><\/a><\/td>\n<td><a href=\"http:\/\/www.lbretagnett.com\" target=\"_blank\" rel=\"noopener\"><img loading=\"lazy\" decoding=\"async\" class=\"aligncenter size-thumbnail wp-image-7579\" src=\"http:\/\/www.ajkvannes.com\/wp-content\/uploads\/2019\/01\/cropped-cropped-cropped-logo-ligue-de-bretagne-quadri-200x151.jpg\" alt=\"\" width=\"200\" height=\"151\" srcset=\"https:\/\/www.ajkvannes.com\/wp-content\/uploads\/2019\/01\/cropped-cropped-cropped-logo-ligue-de-bretagne-quadri-200x151.jpg 200w, https:\/\/www.ajkvannes.com\/wp-content\/uploads\/2019\/01\/cropped-cropped-cropped-logo-ligue-de-bretagne-quadri-300x226.jpg 300w, https:\/\/www.ajkvannes.com\/wp-content\/uploads\/2019\/01\/cropped-cropped-cropped-logo-ligue-de-bretagne-quadri-768x579.jpg 768w, https:\/\/www.ajkvannes.com\/wp-content\/uploads\/2019\/01\/cropped-cropped-cropped-logo-ligue-de-bretagne-quadri-1024x772.jpg 1024w, https:\/\/www.ajkvannes.com\/wp-content\/uploads\/2019\/01\/cropped-cropped-cropped-logo-ligue-de-bretagne-quadri.jpg 1823w\" sizes=\"auto, (max-width: 200px) 100vw, 200px\" \/><\/a><\/td>\n<td><a href=\"http:\/\/club.quomodo.com\/comite-morbihan-tt\" target=\"_blank\" rel=\"noopener\"><img loading=\"lazy\" decoding=\"async\" class=\"aligncenter size-thumbnail wp-image-7576\" src=\"http:\/\/www.ajkvannes.com\/wp-content\/uploads\/2019\/01\/170921_114912-200x194.jpg\" alt=\"\" width=\"200\" height=\"194\" srcset=\"https:\/\/www.ajkvannes.com\/wp-content\/uploads\/2019\/01\/170921_114912-200x194.jpg 200w, https:\/\/www.ajkvannes.com\/wp-content\/uploads\/2019\/01\/170921_114912.jpg 250w\" sizes=\"auto, (max-width: 200px) 100vw, 200px\" \/><\/a><\/td>\n<td><a href=\"http:\/\/www.ittf.com\" target=\"_blank\" rel=\"noopener\"><img loading=\"lazy\" decoding=\"async\" class=\"alignleft wp-image-3771 size-thumbnail\" src=\"http:\/\/www.ajkvannes.com\/wp-content\/uploads\/2013\/04\/ittf_logo-200x189.jpg\" alt=\"ittf_logo\" width=\"200\" height=\"189\" srcset=\"https:\/\/www.ajkvannes.com\/wp-content\/uploads\/2013\/04\/ittf_logo-200x189.jpg 200w, https:\/\/www.ajkvannes.com\/wp-content\/uploads\/2013\/04\/ittf_logo-300x284.jpg 300w, https:\/\/www.ajkvannes.com\/wp-content\/uploads\/2013\/04\/ittf_logo.jpg 809w\" sizes=\"auto, (max-width: 200px) 100vw, 200px\" \/><\/a><\/td>\n<\/tr>\n<tr>\n<td><a href=\"http:\/\/www.ettu.org\" target=\"_blank\" rel=\"noopener\"><img loading=\"lazy\" decoding=\"async\" class=\"alignleft wp-image-3772 size-thumbnail\" src=\"http:\/\/www.ajkvannes.com\/wp-content\/uploads\/2013\/04\/Logo_ettu-200x127.jpg\" alt=\"Logo_ettu\" width=\"200\" height=\"127\" srcset=\"https:\/\/www.ajkvannes.com\/wp-content\/uploads\/2013\/04\/Logo_ettu-200x127.jpg 200w, https:\/\/www.ajkvannes.com\/wp-content\/uploads\/2013\/04\/Logo_ettu-300x191.jpg 300w, https:\/\/www.ajkvannes.com\/wp-content\/uploads\/2013\/04\/Logo_ettu.jpg 383w\" sizes=\"auto, (max-width: 200px) 100vw, 200px\" \/><\/a><\/td>\n<td><a href=\"http:\/\/www.fftt.tv\" target=\"_blank\" rel=\"noopener\"><img loading=\"lazy\" decoding=\"async\" class=\"alignleft wp-image-3775 size-thumbnail\" src=\"http:\/\/www.ajkvannes.com\/wp-content\/uploads\/2013\/04\/logo-header-200x162.jpg\" alt=\"logo-header\" width=\"200\" height=\"162\" srcset=\"https:\/\/www.ajkvannes.com\/wp-content\/uploads\/2013\/04\/logo-header-200x162.jpg 200w, https:\/\/www.ajkvannes.com\/wp-content\/uploads\/2013\/04\/logo-header.jpg 227w\" sizes=\"auto, (max-width: 200px) 100vw, 200px\" \/><\/a><\/td>\n<td><a href=\"http:\/\/www.tennis-de-table.com\" target=\"_blank\" rel=\"noopener\"><img loading=\"lazy\" decoding=\"async\" class=\"aligncenter wp-image-3781 size-full\" src=\"http:\/\/www.ajkvannes.com\/wp-content\/uploads\/2013\/04\/logo-184x92-b.gif\" alt=\"logo-184x92-b\" width=\"184\" height=\"92\"><\/a><\/td>\n<td><a href=\"http:\/\/www.tennis2table.com\" target=\"_blank\" rel=\"noopener\"><img loading=\"lazy\" decoding=\"async\" class=\"aligncenter wp-image-3786 size-thumbnail\" src=\"http:\/\/www.ajkvannes.com\/wp-content\/uploads\/2013\/04\/logoT2T_bleu_copie-200x200.jpg\" alt=\"logoT2T_bleu_copie\" width=\"200\" height=\"200\" srcset=\"https:\/\/www.ajkvannes.com\/wp-content\/uploads\/2013\/04\/logoT2T_bleu_copie-200x200.jpg 200w, https:\/\/www.ajkvannes.com\/wp-content\/uploads\/2013\/04\/logoT2T_bleu_copie-298x300.jpg 298w, https:\/\/www.ajkvannes.com\/wp-content\/uploads\/2013\/04\/logoT2T_bleu_copie-144x144.jpg 144w, https:\/\/www.ajkvannes.com\/wp-content\/uploads\/2013\/04\/logoT2T_bleu_copie.jpg 500w\" sizes=\"auto, (max-width: 200px) 100vw, 200px\" \/><\/a><\/td>\n<\/tr>\n<\/tbody>\n<\/table>\n<p>&nbsp;<\/p>\n<p>&nbsp;<\/p>\n<table style=\"width: 100%;\">\n<thead>\n<tr>\n<th style=\"text-align: center; vertical-align: middle;\" colspan=\"4\" scope=\"row\">\n<h3><strong>Nos partenaires<\/strong><\/h3>\n<\/th>\n<\/tr>\n<\/thead>\n<tbody>\n<tr>\n<td><a href=\"https:\/\/www.facebook.com\/Villa-Kirov-266241319058\/\" target=\"_blank\" rel=\"noopener\"><img loading=\"lazy\" decoding=\"async\" class=\"aligncenter wp-image-669 size-medium\" src=\"http:\/\/www.ajkvannes.com\/wp-content\/uploads\/2013\/06\/Villakirov-300x212.png\" alt=\"Villakirov\" width=\"300\" height=\"212\" srcset=\"https:\/\/www.ajkvannes.com\/wp-content\/uploads\/2013\/06\/Villakirov-300x212.png 300w, https:\/\/www.ajkvannes.com\/wp-content\/uploads\/2013\/06\/Villakirov-1024x726.png 1024w, https:\/\/www.ajkvannes.com\/wp-content\/uploads\/2013\/06\/Villakirov.png 1748w\" sizes=\"auto, (max-width: 300px) 100vw, 300px\" \/><\/a><\/td>\n<td><a href=\"http:\/\/www.ylg-prod.com\/\" target=\"_blank\" rel=\"noopener\"><img loading=\"lazy\" decoding=\"async\" class=\"aligncenter wp-image-665 size-medium\" src=\"http:\/\/www.ajkvannes.com\/wp-content\/uploads\/2013\/06\/Logo-YLG2-300x260.jpg\" alt=\"Logo-YLG2\" width=\"300\" height=\"260\" srcset=\"https:\/\/www.ajkvannes.com\/wp-content\/uploads\/2013\/06\/Logo-YLG2-300x260.jpg 300w, https:\/\/www.ajkvannes.com\/wp-content\/uploads\/2013\/06\/Logo-YLG2.jpg 600w\" sizes=\"auto, (max-width: 300px) 100vw, 300px\" \/><\/a><\/td>\n<td>&nbsp;<\/td>\n<td style=\"text-align: center;\"><a href=\"http:\/\/www.lamie-oceane.fr\/\" target=\"_blank\" rel=\"noopener\"><img loading=\"lazy\" decoding=\"async\" class=\"aligncenter size-thumbnail wp-image-7572\" src=\"http:\/\/www.ajkvannes.com\/wp-content\/uploads\/2019\/01\/amieoceane_maillots-200x132.jpg\" alt=\"\" width=\"200\" height=\"132\" srcset=\"https:\/\/www.ajkvannes.com\/wp-content\/uploads\/2019\/01\/amieoceane_maillots-200x132.jpg 200w, https:\/\/www.ajkvannes.com\/wp-content\/uploads\/2019\/01\/amieoceane_maillots-300x198.jpg 300w, https:\/\/www.ajkvannes.com\/wp-content\/uploads\/2019\/01\/amieoceane_maillots.jpg 752w\" sizes=\"auto, (max-width: 200px) 100vw, 200px\" \/><\/a><span style=\"font-size: 12pt;\"><strong>60 avenue Paul C\u00e9zanne<\/strong><\/span><br \/>\n<span style=\"font-size: 12pt;\"><strong>(en face clinique)<\/strong><\/span><\/td>\n<\/tr>\n<tr>\n<td><a href=\"http:\/\/controle-technique.autosur.com\/10185-autosur-vannes\" target=\"_blank\" rel=\"noopener\"><img loading=\"lazy\" decoding=\"async\" class=\"aligncenter wp-image-5571 size-medium\" src=\"http:\/\/www.ajkvannes.com\/wp-content\/uploads\/2015\/12\/autosur-300x210.jpg\" alt=\"autosur\" width=\"300\" height=\"210\" srcset=\"https:\/\/www.ajkvannes.com\/wp-content\/uploads\/2015\/12\/autosur-300x210.jpg 300w, https:\/\/www.ajkvannes.com\/wp-content\/uploads\/2015\/12\/autosur-200x140.jpg 200w, https:\/\/www.ajkvannes.com\/wp-content\/uploads\/2015\/12\/autosur.jpg 862w\" sizes=\"auto, (max-width: 300px) 100vw, 300px\" \/><\/a><\/td>\n<td style=\"text-align: center;\" colspan=\"2\"><a href=\"http:\/\/www.vannes.signarama.fr\" target=\"_blank\" rel=\"noopener\"><img loading=\"lazy\" decoding=\"async\" class=\"aligncenter wp-image-6208 size-medium\" src=\"http:\/\/www.ajkvannes.com\/wp-content\/uploads\/2016\/06\/signarama-300x65.jpg\" alt=\"signarama\" width=\"300\" height=\"65\" srcset=\"https:\/\/www.ajkvannes.com\/wp-content\/uploads\/2016\/06\/signarama-300x65.jpg 300w, https:\/\/www.ajkvannes.com\/wp-content\/uploads\/2016\/06\/signarama-200x43.jpg 200w, https:\/\/www.ajkvannes.com\/wp-content\/uploads\/2016\/06\/signarama-768x166.jpg 768w, https:\/\/www.ajkvannes.com\/wp-content\/uploads\/2016\/06\/signarama.jpg 800w\" sizes=\"auto, (max-width: 300px) 100vw, 300px\" \/><span style=\"font-size: 12pt;\"><strong>1 rue Alain Gerbault<\/strong><\/span><\/a><br \/>\n<span style=\"font-size: 12pt;\"><strong>02 97 67 61 46<\/strong><\/span><\/td>\n<td><a href=\"http:\/\/www.pongiste.fr\" target=\"_blank\" rel=\"noopener\"><img loading=\"lazy\" decoding=\"async\" class=\"aligncenter wp-image-6265 size-medium\" src=\"http:\/\/www.ajkvannes.com\/wp-content\/uploads\/2013\/04\/www.pongiste.fr_texte_rond-e1452366978765-300x300.png\" alt=\"www.pongiste.fr_texte_rond-e1452366978765\" width=\"300\" height=\"300\" srcset=\"https:\/\/www.ajkvannes.com\/wp-content\/uploads\/2013\/04\/www.pongiste.fr_texte_rond-e1452366978765-300x300.png 300w, https:\/\/www.ajkvannes.com\/wp-content\/uploads\/2013\/04\/www.pongiste.fr_texte_rond-e1452366978765-200x200.png 200w, https:\/\/www.ajkvannes.com\/wp-content\/uploads\/2013\/04\/www.pongiste.fr_texte_rond-e1452366978765-144x144.png 144w, https:\/\/www.ajkvannes.com\/wp-content\/uploads\/2013\/04\/www.pongiste.fr_texte_rond-e1452366978765.png 628w\" sizes=\"auto, (max-width: 300px) 100vw, 300px\" \/><\/a><\/td>\n<\/tr>\n<tr>\n<td><a href=\"https:\/\/www.vern-eco.fr\/\" target=\"_blank\" rel=\"noopener\"><img loading=\"lazy\" decoding=\"async\" class=\"aligncenter size-thumbnail wp-image-7573\" src=\"http:\/\/www.ajkvannes.com\/wp-content\/uploads\/2019\/01\/verneco-200x70.jpg\" alt=\"\" width=\"200\" height=\"70\" srcset=\"https:\/\/www.ajkvannes.com\/wp-content\/uploads\/2019\/01\/verneco-200x70.jpg 200w, https:\/\/www.ajkvannes.com\/wp-content\/uploads\/2019\/01\/verneco-300x104.jpg 300w, https:\/\/www.ajkvannes.com\/wp-content\/uploads\/2019\/01\/verneco-768x267.jpg 768w, https:\/\/www.ajkvannes.com\/wp-content\/uploads\/2019\/01\/verneco-1024x356.jpg 1024w, https:\/\/www.ajkvannes.com\/wp-content\/uploads\/2019\/01\/verneco.jpg 1319w\" sizes=\"auto, (max-width: 200px) 100vw, 200px\" \/><\/a><\/td>\n<td colspan=\"2\"><a class=\"ngg_lightbox\" title=\" \" href=\"http:\/\/www.creperiesgourmandes.com\/creperies\/avel-vras\/\" target=\"_blank\" rel=\"noopener\" data-image-id=\"1239\" data-src=\"http:\/\/www.ajkvannes.com\/wp-content\/gallery\/partenaires\/avelvras_galerie.jpg\" data-thumbnail=\"http:\/\/www.ajkvannes.com\/wp-content\/gallery\/partenaires\/thumbs\/thumbs_avelvras_galerie.jpg\" data-title=\"avelvras_galerie\" data-description=\" \"><img decoding=\"async\" class=\"ngg-singlepic ngg-none aligncenter\" src=\"http:\/\/www.ajkvannes.com\/wp-content\/gallery\/partenaires\/thumbs\/thumbs_avelvras_galerie.jpg\" alt=\"avelvras_galerie\"><\/a><\/td>\n<td>\n<p style=\"text-align: center;\"><a href=\"http:\/\/www.bret-on-pizza.com\/\" target=\"_blank\" rel=\"noopener\"><img loading=\"lazy\" decoding=\"async\" class=\"aligncenter size-thumbnail wp-image-7574\" src=\"http:\/\/www.ajkvannes.com\/wp-content\/uploads\/2019\/01\/breton_pizza-200x99.jpg\" alt=\"\" width=\"200\" height=\"99\" srcset=\"https:\/\/www.ajkvannes.com\/wp-content\/uploads\/2019\/01\/breton_pizza-200x99.jpg 200w, https:\/\/www.ajkvannes.com\/wp-content\/uploads\/2019\/01\/breton_pizza-300x149.jpg 300w, https:\/\/www.ajkvannes.com\/wp-content\/uploads\/2019\/01\/breton_pizza-768x380.jpg 768w, https:\/\/www.ajkvannes.com\/wp-content\/uploads\/2019\/01\/breton_pizza-1024x507.jpg 1024w, https:\/\/www.ajkvannes.com\/wp-content\/uploads\/2019\/01\/breton_pizza.jpg 1850w\" sizes=\"auto, (max-width: 200px) 100vw, 200px\" \/><span style=\"font-size: 12pt;\"><strong>5 place de la Madeleine<\/strong><\/span><\/a><br \/>\n<span style=\"font-size: 12pt;\"><strong>02 97 63 02 02<\/strong><\/span><\/p>\n<\/td>\n<\/tr>\n<tr>\n<td><a href=\"https:\/\/www.cidres-nicol.bzh\/\" target=\"_blank\" rel=\"noopener\"><img loading=\"lazy\" decoding=\"async\" class=\"aligncenter size-thumbnail wp-image-7575\" src=\"http:\/\/www.ajkvannes.com\/wp-content\/uploads\/2019\/01\/cidres-nicol-676x338-200x100.jpg\" alt=\"\" width=\"200\" height=\"100\" srcset=\"https:\/\/www.ajkvannes.com\/wp-content\/uploads\/2019\/01\/cidres-nicol-676x338-200x100.jpg 200w, https:\/\/www.ajkvannes.com\/wp-content\/uploads\/2019\/01\/cidres-nicol-676x338-300x150.jpg 300w, https:\/\/www.ajkvannes.com\/wp-content\/uploads\/2019\/01\/cidres-nicol-676x338.jpg 676w\" sizes=\"auto, (max-width: 200px) 100vw, 200px\" \/><\/a><\/p>\n<p class=\"Texte\" style=\"text-align: center;\"><span style=\"font-size: 12pt;\"><strong><span class=\"texteG\">Cidrerie Nicol<\/span><\/strong><\/span><br \/>\n<span style=\"font-size: 12pt;\"><strong>Kergen\u00eats<\/strong><\/span><br \/>\n<span style=\"font-size: 12pt;\"><strong>56450 Surzur<\/strong><\/span><\/p>\n<p class=\"Texte\" style=\"text-align: center;\"><span style=\"font-size: 12pt;\"><strong>02 97 42 15 41<\/strong><\/span><\/p>\n<\/td>\n<td colspan=\"2\">&nbsp;<\/td>\n<td>\n<p style=\"text-align: center;\">&nbsp;<\/p>\n<\/td>\n<\/tr>\n<\/tbody>\n<\/table>\n<p>&nbsp;<\/p>\n","protected":false},"excerpt":{"rendered":"<p>&nbsp; &nbsp; Nos partenaires &nbsp; 60 avenue Paul C\u00e9zanne (en face clinique) 1 rue Alain Gerbault 02 97 67 61 46 5 place de la Madeleine 02 97 63 02 02 Cidrerie Nicol Kergen\u00eats 56450 Surzur 02 97 42 15 41 &nbsp; &nbsp; &nbsp;<\/p>\n","protected":false},"author":1,"featured_media":0,"parent":0,"menu_order":0,"comment_status":"closed","ping_status":"closed","template":"","meta":{"ngg_post_thumbnail":0,"footnotes":""},"class_list":["post-230","page","type-page","status-publish","hentry","nodate","item-wrap"],"_links":{"self":[{"href":"https:\/\/www.ajkvannes.com\/index.php?rest_route=\/wp\/v2\/pages\/230","targetHints":{"allow":["GET"]}}],"collection":[{"href":"https:\/\/www.ajkvannes.com\/index.php?rest_route=\/wp\/v2\/pages"}],"about":[{"href":"https:\/\/www.ajkvannes.com\/index.php?rest_route=\/wp\/v2\/types\/page"}],"author":[{"embeddable":true,"href":"https:\/\/www.ajkvannes.com\/index.php?rest_route=\/wp\/v2\/users\/1"}],"replies":[{"embeddable":true,"href":"https:\/\/www.ajkvannes.com\/index.php?rest_route=%2Fwp%2Fv2%2Fcomments&post=230"}],"version-history":[{"count":65,"href":"https:\/\/www.ajkvannes.com\/index.php?rest_route=\/wp\/v2\/pages\/230\/revisions"}],"predecessor-version":[{"id":7580,"href":"https:\/\/www.ajkvannes.com\/index.php?rest_route=\/wp\/v2\/pages\/230\/revisions\/7580"}],"wp:attachment":[{"href":"https:\/\/www.ajkvannes.com\/index.php?rest_route=%2Fwp%2Fv2%2Fmedia&parent=230"}],"curies":[{"name":"wp","href":"https:\/\/api.w.org\/{rel}","templated":true}]}}