{"id":209,"date":"2013-04-09T14:45:48","date_gmt":"2013-04-09T13:45:48","guid":{"rendered":"http:\/\/www.ajkvannes.com?page_id=209"},"modified":"2024-08-27T21:08:45","modified_gmt":"2024-08-27T20:08:45","slug":"contacts","status":"publish","type":"page","link":"http:\/\/www.ajkvannes.com\/?page_id=209","title":{"rendered":"Contacts"},"content":{"rendered":"<div style=\"padding-bottom:20px; padding-top:10px;\" class=\"hupso-share-buttons\"><!-- Hupso Share Buttons - https:\/\/www.hupso.com\/share\/ --><a class=\"hupso_toolbar\" href=\"https:\/\/www.hupso.com\/share\/\"><img decoding=\"async\" src=\"http:\/\/static.hupso.com\/share\/buttons\/dot.png\" style=\"border:0px; padding-top: 5px; float:left;\" alt=\"Share Button\"\/><\/a><script type=\"text\/javascript\">var hupso_services_t=new Array(\"Twitter\",\"Facebook\",\"Google Plus\",\"Print\");var hupso_background_t=\"#EAF4FF\";var hupso_border_t=\"#66CCFF\";var hupso_toolbar_size_t=\"big\";var hupso_image_folder_url = \"\";var hupso_url_t=\"\";var hupso_title_t=\"Contacts\";<\/script><script type=\"text\/javascript\" src=\"http:\/\/static.hupso.com\/share\/js\/share_toolbar.js\"><\/script><!-- Hupso Share Buttons --><\/div><p>Pr\u00e9sident&nbsp;: Eric QUEREL, T\u00e9l&nbsp;: 06.03.24.54.77, e-mail&nbsp;: president@ajkvannes.com<\/p>\n<p>Secr\u00e9taire : S\u00e9bastien Lamy-Berru\u00e9, e-mail : secretaire@ajkvannes.com<\/p>\n<p>Tr\u00e9sorier : Luc BOVANI, e-mail : tresorier@ajkvannes.com<\/p>\n","protected":false},"excerpt":{"rendered":"<p>Pr\u00e9sident&nbsp;: Eric QUEREL, T\u00e9l&nbsp;: 06.03.24.54.77, e-mail&nbsp;: president@ajkvannes.com Secr\u00e9taire : S\u00e9bastien Lamy-Berru\u00e9, e-mail : secretaire@ajkvannes.com Tr\u00e9sorier : Luc BOVANI, e-mail : tresorier@ajkvannes.com<\/p>\n","protected":false},"author":1,"featured_media":0,"parent":0,"menu_order":0,"comment_status":"closed","ping_status":"closed","template":"","meta":{"ngg_post_thumbnail":0,"footnotes":""},"class_list":["post-209","page","type-page","status-publish","hentry","nodate","item-wrap"],"_links":{"self":[{"href":"http:\/\/www.ajkvannes.com\/index.php?rest_route=\/wp\/v2\/pages\/209","targetHints":{"allow":["GET"]}}],"collection":[{"href":"http:\/\/www.ajkvannes.com\/index.php?rest_route=\/wp\/v2\/pages"}],"about":[{"href":"http:\/\/www.ajkvannes.com\/index.php?rest_route=\/wp\/v2\/types\/page"}],"author":[{"embeddable":true,"href":"http:\/\/www.ajkvannes.com\/index.php?rest_route=\/wp\/v2\/users\/1"}],"replies":[{"embeddable":true,"href":"http:\/\/www.ajkvannes.com\/index.php?rest_route=%2Fwp%2Fv2%2Fcomments&post=209"}],"version-history":[{"count":16,"href":"http:\/\/www.ajkvannes.com\/index.php?rest_route=\/wp\/v2\/pages\/209\/revisions"}],"predecessor-version":[{"id":225631,"href":"http:\/\/www.ajkvannes.com\/index.php?rest_route=\/wp\/v2\/pages\/209\/revisions\/225631"}],"wp:attachment":[{"href":"http:\/\/www.ajkvannes.com\/index.php?rest_route=%2Fwp%2Fv2%2Fmedia&parent=209"}],"curies":[{"name":"wp","href":"https:\/\/api.w.org\/{rel}","templated":true}]}}